*i + 2 = -0, -4*y + q*i = 25. What is the tens digit of 4/y - (-985)/25?
3
What is the tens digit of (-1)/(2 - 3875/1935)?
8
Let s = -507 - -874. What is the tens digit of s?
6
Let f(o) = -2*o**3 - 38*o**2 - 15*o + 194. What is the tens digit of f(-19)?
7
Suppose 8*c - 381 = 7*c. Suppose -5*f = -l + 2*l - 90, f + c = 4*l. What is the units digit of l?
5
Let r = 205 - 187. Let l(d) = -2*d**2 - 3*d + 4. Let f be l(-4). Let a = f + r. What is the units digit of a?
2
Suppose 64*c + 5064 - 21896 = 0. What is the units digit of c?
3
Let m(z) = -125*z + 76. What is the thousands digit of m(-9)?
1
Suppose -20*x + 15720 = -7840. What is the tens digit of x?
7
What is the hundreds digit of (-4)/(-24)*(-282)/3*-18?
2
Let f be (-1 - 3)*-17*1. Suppose 0 = 7*m - 499 - f. What is the tens digit of m?
8
Let m = 2629 - 908. What is the hundreds digit of m?
7
Let z be (-1 - (-105)/(-9)) + 3/(-9). Let m(r) = -r**3 - 11*r**2 + 15*r - 19. What is the tens digit of m(z)?
2
Suppose 20*c + 13460 = 5*n + 15*c, 0 = 4*c + 8. What is the hundreds digit of n?
6
Let y = 1272 - 412. Suppose -8*b - y = -12*b. What is the units digit of b?
5
Suppose 0*h + 4*h - 228 = 0. Let n = -9 + -21. Let o = n + h. What is the units digit of o?
7
Let z(c) = -4*c - 8. Let v be z(-5). Suppose -83 = -t - v. What is the units digit of t?
1
Let g be 15/(-10)*8/(-6). Suppose -g*r + 62 = -2*u, 4*r + u - 120 = 4*u. Let n = r - 16. What is the units digit of n?
1
Let a = -3264 - -6992. What is the hundreds digit of a?
7
Let n be -1 + (-194)/(-1) - (10 - 13). Suppose 0 = 2*l - 30 - n. What is the units digit of l?
3
Suppose k - 271 = -d, d - 27 = k - 300. What is the units digit of k?
2
Let w(n) = 29*n + 36. What is the units digit of w(45)?
1
Suppose 195 = 3*s + 3*f, -5*s + 55 + 279 = -4*f. What is the tens digit of s?
6
Let m = 36 + -46. Let v = m - -16. Suppose 0 = -2*x + v*x - 256. What is the tens digit of x?
6
Let f(l) be the third derivative of l**5/30 + 5*l**4/12 + 25*l**3/6 - 11*l**2. What is the tens digit of f(-6)?
3
Suppose -3960 - 3400 = -10*a. What is the tens digit of a?
3
Suppose q = -2*d + 2033 + 6806, -5*q - 25 = 0. What is the thousands digit of d?
4
Suppose 3*y - 198 = 273. Suppose -4*v = -y - 19. Suppose 4*m - 5*m = -v. What is the tens digit of m?
4
Let o(z) = z**3 + 14*z**2 + 12*z + 19. Let i be o(-13). Let a(n) = 7*n - 30. Let y be a(5). What is the units digit of (3 + 2)*i/y?
2
Let s(q) = q. Let k be s(5). Suppose k*y + 92 = y. Let t = -19 - y. What is the units digit of t?
4
Let i(y) = -60*y - 8. Let z be i(-2). Suppose -5*r + z - 10 = a, -3*a + 346 = -5*r. What is the units digit of a?
2
Let t = 28 - 27. What is the units digit of (-83)/1*(t + -2)?
3
Suppose -2*k = -6*k + 516. Let l = -91 + k. What is the units digit of l?
8
Suppose 3*n - 1587 = -3*r, 6*n - 1622 = -3*r + 10*n. What is the units digit of r?
4
Let z(k) = -k**2 + 11*k + 24. Let n be z(13). Let a = n - -11. What is the units digit of a?
9
What is the tens digit of 5/(15/57)*19?
6
Let l = -61 - -279. What is the hundreds digit of l?
2
Let a(h) = -29*h + 96. What is the thousands digit of a(-46)?
1
Suppose 6*p = 23 + 13. Let h = p - 5. Suppose -2*x + x + 64 = 3*i, -h = -x. What is the tens digit of i?
2
What is the units digit of 151*((-9)/6)/(75/(-650))?
3
Suppose -31598 = -25*t + 7052. What is the thousands digit of t?
1
Suppose 0*q = -2*q + 178. Let r = q - 34. Let a = r - 39. What is the tens digit of a?
1
Suppose -35*r = -21*r - 11410. What is the hundreds digit of r?
8
Suppose 2*y + 6 = -3*p - 3, 3*y - 5*p - 34 = 0. Suppose -4*d + 15 = d. Suppose y + d = q. What is the units digit of q?
6
Let u = -123 + 441. What is the tens digit of u?
1
Let l = -19 + 24. Let v(a) = 2*a**2 - 3*a + 4. What is the units digit of v(l)?
9
Suppose 51 = o + 2*o. Suppose n + 6 + o = 0. Let a = n + 41. What is the units digit of a?
8
Let x(h) be the third derivative of -5/12*h**4 + 5*h**2 - 5/3*h**3 + 0*h + 0. What is the units digit of x(-4)?
0
Let o(u) = 354*u + 261. What is the thousands digit of o(4)?
1
Suppose -4*f + 9*f - 5 = 0. Suppose a + 5*h = -13, 0 = -a - h - f. What is the units digit of 12*a - (-2 + 1)?
5
Let m(u) = 2*u + 12. Let q = 66 + -21. Let a be (4/3)/(10/q). What is the tens digit of m(a)?
2
Let j be (-93)/14*-4*-7. Let w = j - -310. Suppose 3*z + w = 7*z. What is the tens digit of z?
3
Let m(s) = -12*s - 67. What is the units digit of m(-6)?
5
Suppose 0 = 4*b - 9*b - p + 9645, 5*b - 9645 = -4*p. What is the units digit of b?
9
Let k(m) = m**2 - m - 12. Suppose -2*g + 5*b = -37, -b + 13 = 5*g - 2*g. What is the units digit of k(g)?
8
Let s(m) = 61*m. Suppose 2*l = -4*d + 2*d - 4, -6 = -3*l + d. What is the units digit of s(l)?
1
Suppose j + 15 = 5*v, -5*j - 5 = 4*v - 46. Suppose -j*c = -12 - 13. Suppose -c = f - 9. What is the units digit of f?
4
Suppose 3*k - 544 - 158 = 0. What is the units digit of ((-1)/((-15)/k))/(2/10)?
8
Let u = 511 - 210. Suppose 2*f - 181 = u. What is the units digit of f?
1
Let o = 105 + 328. What is the units digit of o?
3
Suppose -3*f = 4*o + 69, 5*f - 4*f + 5*o = -23. Let q = 25 + f. Suppose -q*j - 104 = -4*j. What is the units digit of j?
2
Let s be 6/(-3) + (-40)/(-8). Suppose s*f - 85 = -j, -138 = -3*j + f + 67. What is the tens digit of j?
7
Suppose 2*x - x = -o, -35 = -4*o + 3*x. Suppose 4*g - 1 = o*y, -3*y + 2*y = -g + 1. Suppose -g*b + 108 = 7*z - 3*z, 29 = z - b. What is the units digit of z?
8
Suppose -49*j + 79*j - 30270 = 0. What is the thousands digit of j?
1
Suppose 0*g = -4*g + 8. Suppose -2*o - o + 2*d = -149, 98 = 2*o - g*d. What is the units digit of o?
1
Let i be (-128)/14 - 1/(-7). What is the tens digit of ((i/3)/(-3))/(1/309)?
0
Let p = -456 + 1200. What is the tens digit of p?
4
Suppose -2*s + 5*s - 3 = 0. Suppose -k + 0 - s = 0, 0 = 4*b + 2*k - 1022. What is the units digit of (-2)/7 - b/(-14)?
8
Suppose 5*z - 87 = 1213. Let a = 394 - z. What is the units digit of a?
4
Let o(f) be the first derivative of f**4/4 - 13*f**3/3 + 7*f**2 - 4*f + 251. Suppose 4*y - 35 = 13. What is the tens digit of o(y)?
2
What is the hundreds digit of -1 + 1 + (-12006)/(-6)?
0
Suppose -19*c + 57*c = 52668. What is the tens digit of c?
8
Let h(x) = -x**3 + 3*x**2 - 2*x. Let s be h(1). Suppose 0*t + 4*t - 5*u - 453 = s, -5*t + 576 = -3*u. What is the tens digit of t?
1
What is the thousands digit of 23 + 2296 + -5 + 0?
2
Let y be 3/2*(-1088)/(-48). Suppose 3*q + 4*h = y, 5*h - 65 = -2*q - 3*q. What is the tens digit of q?
1
Let d be ((-4)/6)/((-12)/72). Suppose 0 = h + h - d. Suppose -r - h*r = -3. What is the units digit of r?
1
Suppose -2*y + 3 = -15. Suppose -7 = -4*z + y. Suppose 2*h + 28 = z*q, 2 = h - 2*h. What is the units digit of q?
6
Suppose -s + 4*i + 161 = 30, -4*s + 594 = -2*i. What is the tens digit of s?
5
Suppose 20*h = -21 + 61. Let k(x) = 1. Let j(f) = -f + 4. Let b(w) = -j(w) + 4*k(w). What is the units digit of b(h)?
2
Let p(y) be the third derivative of 5/2*y**3 - 1/8*y**4 + 0*y + 7/60*y**5 + 1/120*y**6 - 9*y**2 + 0. What is the tens digit of p(-5)?
8
Suppose -2*j - 2*z = -292, 0*z + 3*z = 5*j - 714. What is the hundreds digit of j?
1
Suppose 3*k + 278 = 4*t + k, 5*k - 310 = -5*t. What is the tens digit of t?
6
Let d(u) = u**3 + 11*u**2 - 9. Let b(p) = p - 17. Let m be b(7). What is the units digit of d(m)?
1
Suppose -2*x + 1 + 3 = 0. Suppose -c - 2*y = 3*y - 113, x*y = 2*c - 190. What is the tens digit of c?
9
Let o(v) = -v**2 + 3*v + 11. Let b be o(6). Let g(y) = y**3 + 7*y**2 - 4*y - 10. What is the units digit of g(b)?
8
Let v(r) = 2*r**2 - 23*r - 182. What is the tens digit of v(-12)?
8
Let z(w) = 2*w - 19. Let g be z(11). Suppose -g*n - 2*d = 2*n - 459, -3*d - 9 = 0. What is the units digit of n?
3
Let w be (2/(-4) + 0)/((-4)/104). Let c = w + 11. What is the units digit of c?
4
Let u = 14 - 12. Suppose -u*s = 2*s - 188. What is the units digit of s?
7
Let t = 12 - 9. Suppose 0 = -4*s + 5*s - t. What is the units digit of s?
3
Let x(r) = -r**3 - 4*r**2 + 2*r + 2. Let o be x(-5). Let n = o - 13. Suppose n*h = 2*h + 42. What is the units digit of h?
1
What is the tens digit of (-4)/(240/(-31385)) + 3/(-36)?
2
Let v = 73 + -1. Let a = -29 + v. What is the units digit of a?
3
Let w(l) = 5*l**3 + 4 + 4*l - 7*l**2 - 16*l + 6*l + 9*l. What is the tens dig